 factor of 10223727?
False
Does 61 divide 127673963?
False
Does 2118 divide 63537882?
True
Is 187101144 a multiple of 4397?
True
Does 86 divide 91952610?
False
Does 40 divide 68372120?
True
Does 12 divide 311773733?
False
Does 394 divide 60225264?
True
Does 19 divide 727971434?
True
Is 1484 a factor of 2594032?
True
Is 29221727 a multiple of 80?
False
Does 67 divide 3526600811?
True
Does 146 divide 232190808?
True
Is 37471168 a multiple of 64?
True
Is 115475363 a multiple of 29?
False
Is 169 a factor of 27923532?
True
Does 3 divide 23337718?
False
Does 764 divide 16693400?
True
Is 606 a factor of 163662768?
False
Does 3425 divide 403739000?
True
Is 1313689740 a multiple of 220?
True
Is 388259140 a multiple of 5?
True
Is 1216880 a multiple of 4?
True
Is 63 a factor of 936766?
False
Does 36 divide 1798458?
False
Is 89 a factor of 864451?
False
Is 1573128795 a multiple of 310?
False
Does 13 divide 410882935?
False
Is 197 a factor of 1551602617?
False
Is 2325125494 a multiple of 455?
False
Is 23271042 a multiple of 209?
False
Does 28 divide 12013337?
False
Does 401 divide 376996541?
True
Is 21574132 a multiple of 43?
True
Does 26 divide 237495554?
False
Does 3724 divide 162898932?
True
Does 82 divide 2287381897?
False
Is 97344548 a multiple of 3522?
False
Is 7401 a factor of 1123107355?
False
Does 5 divide 22393344?
False
Is 82730944 a multiple of 32?
True
Does 717 divide 10936016?
False
Does 6 divide 2839918?
False
Is 174944787 a multiple of 9?
False
Is 7087044283 a multiple of 11?
True
Is 10 a factor of 20734356?
False
Is 38 a factor of 101811272?
True
Is 51960615 a multiple of 519?
False
Is 68834049 a multiple of 26?
False
Does 532 divide 113773520?
True
Is 13 a factor of 891919054?
True
Is 15 a factor of 59856240?
True
Is 1350798623 a multiple of 7?
False
Does 158 divide 30195287?
False
Is 92 a factor of 744050623?
False
Is 39 a factor of 20595354?
True
Is 257976202 a multiple of 118?
True
Is 3536257400 a multiple of 20?
True
Does 12 divide 45991101?
False
Does 420 divide 132212619?
False
Is 135011250 a multiple of 11?
True
Is 996 a factor of 134401368?
False
Is 357 a factor of 51596496?
True
Is 15633564 a multiple of 15?
False
Is 123 a factor of 15184104?
True
Is 4 a factor of 211591332?
True
Does 551 divide 86039201?
True
Is 5 a factor of 40534080?
True
Is 11921790 a multiple of 1504?
False
Is 14 a factor of 21391312?
False
Does 33 divide 61091682?
False
Is 10 a factor of 145349271?
False
Is 254 a factor of 20112078?
False
Is 167167131 a multiple of 12?
False
Does 99 divide 10871406?
False
Is 175109497 a multiple of 2126?
False
Is 56 a factor of 2363845959?
False
Does 33 divide 610747735?
False
Does 14 divide 61593840?
True
Does 560 divide 1557745280?
True
Does 1275 divide 24536478?
False
Does 547 divide 255320519?
False
Is 21015207 a multiple of 27?
True
Does 4 divide 17529006?
False
Does 216 divide 30755667?
False
Does 693 divide 82317312?
True
Is 10564997 a multiple of 2361?
False
Is 227078336 a multiple of 103?
False
Does 8 divide 110268035?
False
Is 3899 a factor of 125630027?
False
Is 4796998 a multiple of 8?
False
Does 1622 divide 154662566?
True
Is 61430127 a multiple of 31?
True
Is 2337 a factor of 404279967?
True
Is 15 a factor of 298131180?
True
Does 17 divide 365222632?
False
Is 759829590 a multiple of 15?
True
Is 27948781 a multiple of 22?
False
Does 84 divide 5913216?
False
Does 158 divide 81982324?
False
Is 604 a factor of 385067006?
False
Is 1605032529 a multiple of 23?
True
Is 3144 a factor of 92176192?
False
Does 11 divide 127137286?
False
Does 13 divide 5434461256?
False
Does 735 divide 245710628?
False
Is 471 a factor of 342866908?
False
Is 83 a factor of 9573915?
False
Is 166 a factor of 7603132?
True
Is 234 a factor of 64851930?
True
Is 5658612379 a multiple of 669?
False
Is 25 a factor of 328187596?
False
Is 261697077 a multiple of 13?
False
Does 42 divide 14579166?
True
Is 20 a factor of 5933860?
True
Is 215 a factor of 146117652?
False
Is 3219291135 a multiple of 253?
False
Does 490 divide 398429708?
False
Does 145 divide 908984845?
True
Is 61 a factor of 4213121679?
False
Is 9214724 a multiple of 144?
False
Is 3 a factor of 359786029?
False
Is 6 a factor of 17977734?
True
Is 1094429549 a multiple of 13?
False
Is 69 a factor of 19230438?
True
Does 378 divide 79496424?
True
Does 485 divide 41350130?
True
Is 925429094 a multiple of 99?
False
Is 19306918 a multiple of 28?
False
Is 269344826 a multiple of 82?
True
Does 525 divide 495937196?
False
Is 885 a factor of 1200589230?
True
Is 536 a factor of 1329635904?
True
Does 60 divide 1714027620?
True
Is 57 a factor of 418728669?
True
Is 554784689 a multiple of 5865?
False
Does 19 divide 1437407?
True
Is 387 a factor of 71034520?
False
Is 543872628 a multiple of 69?
True
Does 12 divide 268586253?
False
Is 41 a factor of 174985622?
True
Is 13767576 a multiple of 435?
False
Does 19 divide 62504442?
False
Does 45 divide 32409990?
True
Does 8 divide 2862155049?
False
Does 1475 divide 756595350?
True
Is 629313504 a multiple of 24?
True
Is 1571934080 a multiple of 32?
True
Is 3177383 a multiple of 68?
False
Is 29902795 a multiple of 883?
True
Does 6 divide 7353640?
False
Is 18 a factor of 15719352?
False
Is 31 a factor of 381021?
True
Does 210 divide 174267660?
True
Is 222 a factor of 461662166?
False
Is 46856445 a multiple of 33?
False
Does 352 divide 68022592?
True
Is 57181784 a multiple of 44?
True
Does 11 divide 3890370?
True
Is 153 a factor of 150516810?
True
Is 5471270 a multiple of 35?
True
Does 46 divide 245995396?
True
Does 2 divide 173241268?
True
Is 3142415 a multiple of 1802?
False
Is 6 a factor of 115589750?
False
Does 17 divide 6252515?
True
Does 12 divide 1012262016?
True
Is 12503195 a multiple of 160?
False
Is 17 a factor of 49361646?
False
Is 2247677 a multiple of 114?
False
Does 689 divide 365329405?
False
Is 10139139 a multiple of 127?
False
Is 85 a factor of 10887310?
True
Is 18491760 a multiple of 16?
True
Is 3637434040 a multiple of 1940?
True
Does 13 divide 431106351?
True
Is 105254676 a multiple of 2740?
False
Does 111 divide 7434434?
False
Is 1317 a factor of 511581378?
False
Is 12 a factor of 38735851?
False
Is 47 a factor of 95188771?
True
Is 23535156 a multiple of 6?
True
Does 3 divide 1061355456?
True
Does 419 divide 334169679?
True
Is 1003772717 a multiple of 83?
False
Is 657690 a multiple of 11?
True
Is 164084565 a multiple of 1865?
True
Is 126 a factor of 53328114?
True
Is 107 a factor of 7922708?
True
Does 1373 divide 24222466?
True
Does 314 divide 17532504?
True
Is 881257433 a multiple of 167?
False
Is 10 a factor of 5869590?
True
Does 18 divide 81862164?
True
Is 30 a factor of 776489970?
True
Does 7 divide 179385147?
False
Is 3 a factor of 66484328?
False
Is 241714720 a multiple of 10?
True
Is 97064376 a multiple of 7?
False
Is 29498044 a multiple of 7?
False
Is 92 a factor of 70146872?
True
Is 24674814 a multiple of 1242?
True
Is 20 a factor of 197872598?
False
Is 240 a factor of 1309568798?
False
Does 53 divide 145849110?
True
Is 273 a factor of 810286113?
True
Is 16 a factor of 5295424?
True
Does 10 divide 3715050?
True
Is 8 a factor of 35662256?
True
Is 188311580 a multiple of 230?
True
Does 2 divide 534725482?
True
Does 12 divide 92207957?
False
Does 1196 divide 50507450?
False
Is 734 a factor of 27293790?
True
Is 270 a factor of 286204487?
False
Is 428821062 a multiple of 28?
False
Does 464 divide 8731342?
False
Is 396 a factor of 8902277?
False
Does 158 divide 533847398?
True
Is 34 a factor of 39292287?
False
Does 25 divide 314172080?
False
Is 503121476 a multiple of 52?
True
Is 22831242 a multiple of 155?
False
Is 4350759 a multiple of 119?
True
Does 30 divide 2639818594?
False
Does 24 divide 2584457952?
True
Does 34 divide 236705042?
True
Does 2 divide 421750622?
True
Is 226 a factor of 602336705?
False
Is 337379778 a multiple of 6?
True
Is 78177295 a multiple of 5231?
True
Is 1644929440 a multiple of 13?
False
Does 4029 divide 1758466219?
False
Does 3 divide 10797190?
False
Does 33 divide 1894617064?
False
Is 3053 a factor of 1239285972?
True
Does 2299 divide 110492239?
True
Does 38 divide 123032804?
False
Is 146395135 a multiple of 840?
False
Is 296738244 a multiple of 1021?
False
Is 897756715 a multiple of 9?
False
Is 44226603 a